What is r(1)?
8
Let l(j) = j - 2. Suppose 0 = -0*v - 5*v + 155. Suppose -4*a + v = -17. Let d = -8 + a. What is l(d)?
2
Let v(g) = g**2 - 5*g + 6. Let m be (-84)/20 + 1/5. Let b be (-14)/m - (-3)/6. Calculate v(b).
2
Let r(s) = s + 2. Let h be r(-2). Let a(y) = 6 + 4*y + 5*y + 2*y**2 - 8*y - y**2. Give a(h).
6
Let z(o) = o**2 + 4*o - 7. Suppose -3*v - v = -20. Let h(a) = a. Let d be h(v). Suppose l + 7 = -g, d*g = 3*l + 7 + 6. Give z(l).
5
Let v be ((-39)/6)/((-1)/(-2)). Let c be 4/10 - v/5. Let f(g) be the first derivative of -g**3/3 + 2*g**2 + 8. Determine f(c).
3
Let l(c) be the second derivative of c**5/20 - 5*c**4/12 + c**3/3 + c**2/2 + 3*c. What is l(4)?
-7
Let n(a) = -2*a**3 + 33*a**2 - 19*a + 49. Let i be n(16). Let d(p) = 2*p**3 + p**2 - 1 - 12*p**3 + 0. Give d(i).
-10
Let c(s) = s**2 - 4*s - 6. Suppose 4*x + b - 4 - 12 = 0, -2*x - 10 = -4*b. Suppose -5*o + 41 - 11 = x*l, l - 5*o + 10 = 0. What is c(l)?
-1
Suppose 2*l - 2*q - 6 = 4, -4*l + 2 = 2*q. Let x(c) = -2*c - 5*c**2 + 4*c**l + 6 - 2*c. What is x(-5)?
1
Let k(l) = -l - 1. Let f(h) = -2*h - 2. Let w(y) = -f(y) + 3*k(y). Let o be w(-4). Let n(q) = -2*q**2 + 5*q - 4. Give n(o).
-7
Let a be -5*3/((-30)/4). Let k(t) = 0*t**2 - t**2 + 2*t**a + 4*t. Determine k(-2).
-4
Suppose 2*f + 0*g = -4*g + 8, -12 = -3*f - 3*g. Let z be -1 - 1/(2/(-12)). Let y(o) = -o + z*o**2 - o - o**3 + 4 - 4*o. Give y(f).
-4
Let h(r) = -3*r - 4 - r**2 + 2*r + 0*r. Suppose 1 = v - 1. Suppose -v*m = -3*m. Give h(m).
-4
Let i(n) = -n**2 - 9*n - 8. Let x be i(-7). Let l(k) = k**2 - 5*k - 4. Give l(x).
2
Suppose -r - 3*p - 11 = 0, -5*p = r + 4*r + 35. Let j(g) = g**2 - 2*g - 2. Let v be j(3). Let d(n) = n**3 + 5*n**2 - v - 1 + 1. Calculate d(r).
-1
Let k(c) be the first derivative of -c**4/4 + c**3/3 + c**2 + c + 38. Calculate k(-1).
1
Let j(z) = -z**2 + z - 2*z - 2 + 6 - 2*z. Suppose 2 + 7 = -2*g - r, 0 = 3*g + 2*r + 14. Give j(g).
0
Let n(a) = -a**2 - 7*a - 7. Suppose 0*m + 2 = -3*c + 2*m, 3*m = -c + 14. Suppose c*t - 8 = -20. Calculate n(t).
-1
Let s be ((0 - 2)*3)/(-1). Suppose 0 = -m - s + 2. Let u(z) = -z**2 - 4*z. Let i(a) = -a - 1. Let d(w) = 2*i(w) - u(w). Calculate d(m).
6
Let z(p) = p - 2 + 4 + 7 - 1. Let s(f) = -f. Let d be s(0). Give z(d).
8
Let a(k) = -k**3 + 2*k**2 + 1. Let x be a(2). Suppose 0 = -3*c + 10 + 5. Let t(g) = 3 - c + 3*g**3 + 1 + g + g**3 + g**2. Calculate t(x).
5
Let m(l) = 16*l + 17*l - 1 - 5*l**2 - 28*l + 3*l**2 - l**3. Suppose 4*k = -3*j + 29, -2*k - 6 + 3 = -j. Let w be (-60)/14 + 2/j. What is m(w)?
11
Let q = -9 + 4. Let b = q + 0. Let f(x) = x**2 + 7*x + 7. Calculate f(b).
-3
Let p = -58 + 1. Let c be p/12 + (-2)/8. Let s(j) = -j - 1 - 1 - 4. Give s(c).
-1
Let i(q) be the third derivative of -q**4/24 + q**3/6 - 4*q**2. Suppose -5*d - 5*s = 0, 0*d = d - 4*s - 5. Let t be d + 0 - (1 + 0). Determine i(t).
1
Let l(z) = 2*z**2 + 3*z - 4. Suppose y + 2*y - 12 = 0. Suppose -3*v + 3 = -y*v. Calculate l(v).
5
Suppose 3*o - w + 3 = 0, -5 = 5*o - 2*w + w. Let f(h) = 13*h**2 + 7*h - 7. Let y(t) = 4*t**2 + 2*t - 2. Let k(i) = -2*f(i) + 7*y(i). Calculate k(o).
2
Let j(u) = 7*u**2 + 2*u - 1. Let v(c) = 11*c - 76. Let h be v(7). Determine j(h).
8
Suppose -3*n - 5*c = -10, 0 = -4*n - 0*c + 5*c + 25. Suppose 3 = 3*t - 2*t, -4*t + 3 = -3*m. Let u(o) = 2 + 10*o - m - 4 - 5*o - o**2. What is u(n)?
-5
Let v(s) = s**3 + 6*s**2 + 9*s + 6. Let c be v(-4). Let q(l) = l + 2. Give q(c).
4
Let o(l) = -l**2 + 4*l + 6. Let w(c) = 4*c - 4. Let y(m) = -11*m + 11. Let j(i) = 8*w(i) + 3*y(i). Let g be j(-5). What is o(g)?
-6
Let t(o) = -6*o**3 + 2*o**2 + o. Let w(m) = -13*m**3 + m**2. Let f be w(-1). Let h be (-4)/(-10) - f/10. Determine t(h).
7
Suppose 0*j - 6 = -3*j. Suppose -v = 3*u - 2, j = -4*u + v + 14. Let o be u - ((0 - 1) + 0). Let i(f) = 2*f**2 - 5*f + 3. Calculate i(o).
6
Let c be 0 - 13/3 - (-2)/6. Let p(q) = -4*q + q**3 + 5 + 0 + 3*q**2 + 3*q. Give p(c).
-7
Let l(r) = -r**2 - 6*r - 6. Let k be l(-4). Let b(c) = 2*c - 2 - c**2 - k + 3 + 3*c. Calculate b(6).
-7
Let l(k) = 2*k**3 + 5*k**2 - 1. Let v(g) = -g**3 - 5*g**2. Let b(n) = -2*l(n) - 3*v(n). What is b(5)?
2
Let v(s) = -s + 2. Let y(u) = u**3 - 5*u**2 + 4*u - 2. Let m = 6 - 4. Suppose 16 = m*i + 2*i. Let o be y(i). Determine v(o).
4
Let x(w) = -w**3 + 2*w**2 + 12*w - 21. Let h be x(2). Suppose 0 = -5*b + 4*y + 2, -y = 2*b - 5 - 1. Let n(v) = 0 - b - v - 2. Determine n(h).
-7
Let g(p) = p - 4. Let m(b) = 1. Let l(v) = g(v) + 4*m(v). Determine l(4).
4
Let z(c) = -4*c + 3. Let t(p) = -3*p + 3. Let i(r) = 5*t(r) - 4*z(r). Determine i(5).
8
Suppose -f - 1 = -a, -3*a = -4*a. Let i be (f - 0) + (0 - 0). Let s = 0 + i. Let l(u) = 8*u + 1. Give l(s).
-7
Let s(j) be the first derivative of -j**2/2 - 3*j - 4. Let p be s(-5). Let l(w) = -p + 0*w - 2*w - w + 6. Give l(3).
-5
Let s(a) = -a**2 + a - 1. Let p(i) = -2*i**2 + 4*i - 6. Let c be -2*(50/(-4))/5. Let w(d) = c*s(d) - p(d). Calculate w(-1).
-3
Let g(a) = -6*a - 1. Let m be -2 - -8 - (3 - 4). Let l(o) = o - 2. Let j be l(m). Let w(q) = 9*q + 2. Let c(k) = j*w(k) + 8*g(k). What is c(3)?
-7
Suppose 19*w = 15*w + 12. Let n(a) = -a**3 + 3*a**2 - 2. Give n(w).
-2
Let n be -1 + (-215)/(-45) - 4/(-18). Let y(x) = -3*x**2 - 11*x + 2. Let p(z) = 5*z**2 + 17*z - 3. Let s(h) = 5*p(h) + 8*y(h). What is s(n)?
5
Let v(m) be the second derivative of m**5/20 + m**4/4 - 2*m**3/3 - 2*m. Give v(-4).
0
Suppose 11 = 5*c + 26. Let b(f) = f**3 + 5*f**2 + 2*f. Calculate b(c).
12
Let m be -3 + 16/4 + 7. Let k(y) = 2*y**2 - 4*y**2 + 2*y**3 + 13*y + 2 - 3*y**3 - m*y. Determine k(-3).
-4
Let c be (-33)/18 - (-5)/(-30). Let b(l) = 7*l**2 + 4*l. Let h(w) = 13*w**2 + 8*w. Let f(s) = 11*b(s) - 6*h(s). Determine f(c).
4
Suppose x = 4*x + 6. Let p(l) = -l**2 - 5*l - 3. Give p(x).
3
Let f(i) = -i**2 + 2*i + 6. Suppose 0*j = -j + 7. Suppose -3*a = 2*b + j, a = -0*b + 5*b + 9. Let w be (-9)/(-2) + a/(-2). Give f(w).
-9
Let x(n) be the second derivative of n**5/20 - n**4/3 + n**3/6 + n**2 + 7*n. Calculate x(2).
-4
Let u(w) = w**2 - 8*w + 8. Suppose 0 = -2*h - 4*q + 34, 0 = 2*q - 4*q + 10. Determine u(h).
1
Suppose 3*k = 0, -4*k - 15 = -4*j - 3. Suppose a + 12 = j*a. Let h(c) = -c**3 + 7*c**2 - 6*c + 1. Give h(a).
1
Let l(y) be the first derivative of y**4/2 - 2*y**3/3 - y**2/2 - y - 1. Let v(b) = -3*b**2 + 11*b - 4. Let o be v(3). Give l(o).
5
Suppose -3*b - 2 = 16. Let n be 196/21 + (-4)/b. Suppose -2*t + 10 = -r + 5*r, 0 = -4*r + 2*t - n. Let c(m) = -m - 5. Determine c(r).
-5
Suppose -5*h + t = -11, h + 5*t - 5 = -4*h. Let k = 5 - h. Let i(n) = n**2 - 5*n + 4. Determine i(k).
-2
Let n(h) = 2*h + 1. Let w(g) = g. Let m be w(2). Suppose q + 12 = -m*q. Determine n(q).
-7
Suppose 0 = 2*o + 2*o + 48. Let v = o + 4. Let f(k) = -k**2 - 7*k + 8. Let i be f(v). Let d(r) = -r**3 + r - 10. Give d(i).
-10
Let r be (-3 + -2)/1 - -2. Let w(c) = 4*c**2 + 2*c + 1. Let y(q) = -9*q**2 - 5*q - 2. Let t(s) = 13*w(s) + 6*y(s). Give t(r).
-5
Let k(c) = -c + 6. Let u be k(5). Let x(z) = 5*z. Let b(l) = l - 1. Let f(g) = u*x(g) - 6*b(g). Give f(5).
1
Let v be 45/(-6)*6/(-9). Let i(n) be the third derivative of -n**5/10 + n**3/6 + 2*n**2. Let z(j) = -j**2 - j + 1. Let k(c) = v*z(c) - i(c). Determine k(4).
0
Let v(o) be the first derivative of -o**2/2 + 7*o + 4. What is v(-7)?
14
Suppose -3*q + 0*q + 9 = 0. Let v(w) = -2 - 13*w**q + 1 + 0. Determine v(1).
-14
Let q(m) be the first derivative of -m**2/2 + m + 11. Determine q(3).
-2
Let l(u) = -u - 3*u**3 + u**2 + 13 + 7*u**3 - 3*u**3 + 0*u**2. Let x be (0/2)/4*1. Determine l(x).
13
Let m(p) be the third derivative of 1/6*p**3 + 0*p + 0 - 2*p**2 + 3/8*p**4. What is m(-1)?
-8
Let o = -2 + 4. Let p(y) = 3*y - 2. Let t be p(8). Suppose -o = 5*c - t. Let x(w) = w**3 - 5*w**2 + 5*w + 2. Give x(c).
6
Let s(c) = 13*c + 51. Let h be s(-4). Let o(y) = -y**3 + y**2 - 1. Let q(i) = 18*i**3 - 2*i**2 - i + 2. Let v(f) = -3*o(f) - q(f). Give v(h).
14
Let q(j) be the first derivative of j**2 - 10*j + 18. Calculate q(8).
6
Let b(f) = 0*f + 6*f + 4*f. Calculate b(2).
20
Let n(z) = 3*z + 51. Let q(g) = -g - 17. Let b(w) = -3*n(w) - 8*q(w). Calculate b(-8).
-9
Let l(h) be the third derivative of -h**4/24 + 5*h**3/6 + 3*h**2 + 4. Determine l(0).
5
Let v(a) = -a - 6. Let s be (-3)/(1 - (2 + 0)). Let j be 2/(4/6) - s. Determine v(j).
-6